8 is divided by 5315.
3648
Calculate the remainder when 1188284 is divided by 4.
0
What is the remainder when 5564847 is divided by 28392?
15
What is the remainder when 43964379 is divided by 3?
0
What is the remainder when 8241720 is divided by 2747237?
9
What is the remainder when 7683 is divided by 3515?
653
Calculate the remainder when 219612351 is divided by 13.
10
What is the remainder when 112733 is divided by 2347?
77
Calculate the remainder when 4956863 is divided by 11114.
19
Calculate the remainder when 18572829 is divided by 3095470.
9
Calculate the remainder when 514830 is divided by 85478.
1962
Calculate the remainder when 96263736 is divided by 445.
1
What is the remainder when 119195141 is divided by 11?
10
Calculate the remainder when 42732 is divided by 2268.
1908
What is the remainder when 161869444 is divided by 31?
30
Calculate the remainder when 836817 is divided by 2384.
33
Calculate the remainder when 190679 is divided by 105.
104
Calculate the remainder when 2733103 is divided by 53590.
13
What is the remainder when 2111203 is divided by 4426?
1
What is the remainder when 99471265 is divided by 214?
213
Calculate the remainder when 5001108 is divided by 264.
156
What is the remainder when 6715601 is divided by 1288?
1257
Calculate the remainder when 1370353 is divided by 1538.
1533
What is the remainder when 29583 is divided by 14789?
5
What is the remainder when 2092075 is divided by 48?
43
Calculate the remainder when 503789 is divided by 31480.
109
What is the remainder when 1114589 is divided by 371528?
5
What is the remainder when 263735 is divided by 130443?
2849
What is the remainder when 598362 is divided by 28?
2
What is the remainder when 4881134 is divided by 203?
202
Calculate the remainder when 1338456 is divided by 491.
481
Calculate the remainder when 8011 is divided by 2192.
1435
Calculate the remainder when 11867003 is divided by 65203.
57
What is the remainder when 620027 is divided by 877?
865
What is the remainder when 461667 is divided by 280?
227
What is the remainder when 220595 is divided by 44051?
340
Calculate the remainder when 223935 is divided by 191.
83
Calculate the remainder when 2527600 is divided by 135.
130
What is the remainder when 18656 is divided by 1296?
512
Calculate the remainder when 194345 is divided by 32388.
17
What is the remainder when 289782 is divided by 289480?
302
Calculate the remainder when 322301278 is divided by 280.
278
What is the remainder when 5836473 is divided by 649?
16
Calculate the remainder when 1306699 is divided by 93335.
9
What is the remainder when 10963763 is divided by 456815?
203
What is the remainder when 11795430 is divided by 7?
3
What is the remainder when 116924039 is divided by 180?
179
What is the remainder when 523764 is divided by 261507?
750
Calculate the remainder when 63269 is divided by 1551.
1229
Calculate the remainder when 55023 is divided by 1342.
1
What is the remainder when 356806281 is divided by 128?
9
Calculate the remainder when 471124 is divided by 1010.
464
Calculate the remainder when 165713 is divided by 2590.
2543
What is the remainder when 2195013 is divided by 73117?
1503
What is the remainder when 25637085 is divided by 55?
45
Calculate the remainder when 50886 is divided by 25132.
622
What is the remainder when 1720455 is divided by 671?
11
Calculate the remainder when 3862562 is divided by 965563.
310
What is the remainder when 366312 is divided by 181543?
3226
What is the remainder when 375160 is divided by 124937?
349
What is the remainder when 1110874 is divided by 17411?
13981
What is the remainder when 46367 is divided by 1305?
692
What is the remainder when 1798 is divided by 694?
410
Calculate the remainder when 60599857 is divided by 1156.
25
Calculate the remainder when 9256024 is divided by 1378.
1376
What is the remainder when 761259825 is divided by 101?
100
Calculate the remainder when 5485177 is divided by 13.
9
What is the remainder when 340543 is divided by 17012?
303
What is the remainder when 84993 is divided by 2349?
429
Calculate the remainder when 307623 is divided by 2700.
2523
What is the remainder when 1168000 is divided by 61?
33
What is the remainder when 4696735 is divided by 12231?
31
Calculate the remainder when 152730738 is divided by 205.
203
What is the remainder when 33552130 is divided by 6710426?
0
Calculate the remainder when 4343612 is divided by 357.
350
Calculate the remainder when 13305 is divided by 2739.
2349
Calculate the remainder when 653087 is divided by 8.
7
What is the remainder when 300770763 is divided by 3017?
3016
Calculate the remainder when 2473662 is divided by 42.
30
What is the remainder when 5531623 is divided by 745?
743
Calculate the remainder when 1237552 is divided by 215.
12
Calculate the remainder when 5537928 is divided by 922988.
0
Calculate the remainder when 2212370 is divided by 157.
83
What is the remainder when 17695 is divided by 17477?
218
Calculate the remainder when 1944819 is divided by 324067.
417
Calculate the remainder when 19343572 is divided by 5628.
136
Calculate the remainder when 146594 is divided by 157.
113
Calculate the remainder when 20021 is divided by 3860.
721
Calculate the remainder when 79667 is divided by 34676.
10315
Calculate the remainder when 22179 is divided by 3132.
255
What is the remainder when 130518 is divided by 4063?
502
What is the remainder when 36442 is divided by 5100?
742
Calculate the remainder when 351834 is divided by 15985.
164
Calculate the remainder when 680668 is divided by 15454.
692
Calculate the remainder when 5432667 is divided by 1493.
1133
Calculate the remainder when 47506183 is divided by 4459.
4456
What is the remainder when 9149949 is divided by 167?
19
What is the remainder when 69429398 is divided by 3288?
3278
What is the remainder when 53519 is divided by 5889?
518
What is the remainder when 598797 is divided by 15?
12
Calculate the remainder when 416133 is divided by 21897.
90
Calculate the remainder when 907803 is divided by 939.
729
What is the remainder when 15606978 is divided by 1340?
1338
Calculate the remainder when 2801712 is divided by 3400.
112
What is the remainder when 685421 is divided by 7212?
281
What is the remainder when 1740880 is divided by 140?
120
Calculate the remainder when 23219265 is divided by 77.
69
What is the remainder when 18964959 is divided by 1312?
1311
Calculate the remainder when 31873484 is divided by 26.
6
Calculate the remainder when 1995423 is divided by 6.
3
Calculate the remainder when 168627 is divided by 10539.
3
Calculate the remainder when 1941799 is divided by 700.
699
What is the remainder when 83250 is divided by 19937?
3502
What is the remainder when 45038370 is divided by 844?
842
What is the remainder when 745463 is divided by 2?
1
Calculate the remainder when 25286420 is divided by 32.
20
Calculate the remainder when 108607 is divided by 792.
103
What is the remainder when 1921659 is divided by 91507?
12
Calculate the remainder when 115258 is divided by 707.
17
What is the remainder when 1405387 is divided by 23?
18
Calculate the remainder when 26158878 is divided by 4239.
9
What is the remainder when 817297 is divided by 8788?
13
What is the remainder when 1650365 is divided by 36?
17
Calculate the remainder when 18170524 is divided by 51.
40
Calculate the remainder when 381549 is divided by 84.
21
Calculate the remainder when 19028 is divided by 3776.
148
What is the remainder when 8001644 is divided by 837?
761
Calculate the remainder when 48229124 is divided by 43.
23
What is the remainder when 33782 is divided by 5587?
260
Calculate the remainder when 1138972 is divided by 1937.
16
What is the remainder when 210820 is divided by 23396?
256
Calculate the remainder when 3806085 is divided by 54.
3
Calculate the remainder when 97827 is divided by 904.
195
What is the remainder when 3198985 is divided by 355426?
151
Calculate the remainder when 4505670 is divided by 205.
180
Calculate the remainder when 2726943 is divided by 142.
117
Calculate the remainder when 22485678 is divided by 4845.
33
What is the remainder when 4482354 is divided by 20656?
2
Calculate the remainder when 13318417 is divided by 1.
0
What is the remainder